highest common factor of k and 30?
5
Let m be 6/9 + 56/6. Suppose m*t - 35 = 5*t. Let n = -64 + 120. Calculate the greatest common factor of n and t.
7
Let h(o) be the third derivative of o**5/30 - o**3/6 - 7*o**2. Let t be 3*(0 + -1)*-1. Let j be h(t). What is the greatest common divisor of j and 187?
17
Let m(w) = 2*w**2 - 9*w - 56. Let n be m(-4). Calculate the greatest common divisor of n and 36.
12
Let g be ((-60)/16)/(3/12). Let l = g + 16. What is the highest common factor of l and 2?
1
Let o(h) = 2*h - 1 - h + 4 - 3*h. Let x be o(-7). Let u = x - 1. Calculate the greatest common divisor of 8 and u.
8
Let a be 2*(8 + 0) + 4. What is the highest common divisor of a and 8?
4
Let b(x) = 73 - 15 + x**2 + 78 + 2*x + 0*x. Let f be b(0). Let y = 4 - -13. What is the greatest common factor of f and y?
17
Suppose -4*p = -7*p + 6. Suppose p*m - 5 - 9 = 0. What is the greatest common factor of m and 7?
7
Let g = 13 + -18. Let o be (-39)/g - (-3)/15. Calculate the greatest common factor of o and 4.
4
Suppose -i = -3*i. Suppose i = -2*o - o + 75. Suppose -5*a - 4*g = -45, -a - 4*g + 30 = g. What is the highest common divisor of a and o?
5
Suppose -3*b = -o + 70, -o = -b + 2*o - 18. Let d = 68 + b. Suppose f - d = 76. Calculate the highest common factor of 15 and f.
15
Suppose 2*r + 2*l + 16 = 0, 0 = 5*l - 4*l - 1. Let k(b) = b**3 + 9*b**2 - 6*b - 12. Let s be k(r). Calculate the highest common factor of 28 and s.
14
Let z = -79 + 171. What is the highest common factor of z and 23?
23
Suppose 5*r - 44 = 1. Let y be 2/4 + (-1)/(-2). What is the highest common divisor of r and y?
1
Let m = -8 + 19. Let g = -519 + 727. Let h = 329 - g. Calculate the highest common factor of m and h.
11
Suppose 3*u - 7 - 5 = 0. Let w be (3/(-2))/((-2)/u). Suppose -h + w*h = 6. Calculate the highest common divisor of h and 3.
3
Suppose j + 4*t - 41 = 0, -t = -j + t + 29. Calculate the greatest common divisor of 3 and j.
3
Suppose -4*v + 50 = 2. Calculate the greatest common divisor of v and 8.
4
Let q be 63/(2 - 1)*1. Calculate the highest common factor of q and 7.
7
Suppose -104 = 4*u - 6*u. What is the greatest common divisor of u and 260?
52
Suppose 5*q = -12 + 62. Calculate the greatest common divisor of q and 4.
2
Let l(u) = -u**3 - 15*u**2 + 34*u + 15. Let p be l(-17). What is the highest common divisor of 3 and p?
3
Let r(i) = -36*i**3 + i**2 - i - 2. Let j be r(-1). What is the highest common divisor of j and 396?
36
Let h be 802/8 + (-1)/4. Let k = -3 - -6. Suppose 2*z - h = -k*z. What is the highest common factor of 5 and z?
5
Suppose 5*m - o - 18 = 0, 5*m + 0 - 6 = -3*o. Calculate the greatest common factor of m and 1.
1
Let a(q) = -16*q + 1. Suppose 2*m + 3 = -3*k, -4*m + 0 = 3*k + 3. Let y be a(k). What is the greatest common factor of 153 and y?
17
Let i = 7 - 0. Suppose -4*w - 5*m + m + 136 = 0, m + 141 = 4*w. What is the greatest common divisor of w and i?
7
Suppose 0 = 2*w - 4*w. Suppose w = -2*n - h + 169, 0*h = -3*n + 5*h + 260. Calculate the greatest common factor of n and 17.
17
Suppose 0 = c + 132 + 356. Let f be (-2)/6 - c/6. What is the highest common divisor of f and 9?
9
Let z = -50 - -67. Calculate the highest common factor of 85 and z.
17
Let p = -2 + 6. Suppose p*n = n. Let a be (n - -1)/(3/285). What is the greatest common factor of 19 and a?
19
Suppose -22*a + 29*a = 980. What is the greatest common divisor of 20 and a?
20
Suppose -2*b - 2*d = -24, -2*d = -4*b - 7 + 25. Let i = 140 + -133. What is the highest common factor of i and b?
7
Let q(c) = -4*c + 4. Let z be q(-5). What is the greatest common divisor of 24 and z?
24
Suppose 0 = -4*z + x + 18, 2*z = -4*x. Suppose 6 = z*u + 4*f - 6, f + 27 = 5*u. Suppose 2*g = 3 + 57. Calculate the greatest common divisor of g and u.
5
Let d = -128 - -140. Calculate the greatest common factor of d and 6.
6
Suppose -5*o - o = -60. Let r be o + -6 - 2/(-1). Calculate the highest common factor of r and 54.
6
Let p(l) = -l - 4. Let b = 17 + -24. Let z be p(b). Suppose 3*c = 6, 5*r - z*c - 215 = 2*c. What is the greatest common factor of 30 and r?
15
Let h = 238 + -117. Suppose -5*c + 6 = -19. Suppose 3*q + 55 = c*z, 2*z + 4*q - 14 - 8 = 0. Calculate the greatest common divisor of z and h.
11
Let b = -11 + 16. What is the highest common divisor of 55 and b?
5
Let p = 24 + 4. Suppose k - 2*k = -14. Calculate the highest common factor of p and k.
14
Let b = -35 + 73. Calculate the greatest common factor of 38 and b.
38
Let a be 1*-8*33/(-6). Let d(z) = 3*z**2 - 7*z. Let l be d(-5). Calculate the greatest common factor of a and l.
22
Let w(a) = -a - 1. Let j be w(-1). Let g be 4/(-10) - (-27)/5. Suppose 4*n = 4*r - j*n, -g*r - 5*n = -30. What is the greatest common divisor of 15 and r?
3
Let o(f) = -f**3 + 4*f**2 + f + 1. Let p be o(4). Suppose 0 = p*v - 0*v - 315. Calculate the greatest common divisor of 9 and v.
9
Let d = 4 - 2. Let p(j) = 60*j**2 + j + 1. Let m be p(-1). Suppose -d*u - 5*a + 15 = 0, -3*u = -3*a - m + 6. Calculate the highest common divisor of u and 135.
15
Suppose 2*o + 2*o = 8. Let r(q) = -q**o - 2 + q**3 + 0*q**2 + 3*q + q. Let v be r(3). What is the greatest common factor of 42 and v?
14
Let q be 10/4*(1 + 1). Suppose -5 = -3*j - 5*m, q = -5*j + 3*m + 70. Calculate the highest common factor of 5 and j.
5
Let c(v) = -11*v. Let m be c(12). Let g = 0 - m. What is the greatest common factor of g and 12?
12
Let h be (1 + 7)*(-10)/20. Let o be (-4)/((h/(-15))/(-2)). Calculate the highest common factor of 45 and o.
15
Suppose 123 = v - 2*a - 0*a, v - 5*a = 132. Let q be 26*2/(-8)*-2. Calculate the greatest common divisor of v and q.
13
Suppose 5*r - 30 = 2*r. Suppose -4*f = -2*f - r. Calculate the greatest common divisor of 15 and f.
5
Let g(q) = 4*q - 4. Let s be g(6). Let b(v) = v**3 + 16*v**2 + 16*v + 12. Let h be b(-14). What is the greatest common divisor of s and h?
20
Suppose 5*m - 10 = 15. What is the highest common factor of m and 2?
1
Suppose -5*u - 2 + 3 = m, 19 = 4*m + 5*u. Calculate the greatest common factor of 12 and m.
6
Suppose -1168 = -7*c - 412. Calculate the highest common factor of 27 and c.
27
Suppose 0 = 2*s - 3*r + 7*r - 2, s + 4*r + 3 = 0. Let j(g) = -2*g + 18. Let p be j(8). Suppose 5*q = p*q + 75. Calculate the greatest common factor of s and q.
5
Suppose 13*k + 6*k - 76 = 0. Let p(z) = 7*z - 4. Let c be p(4). Calculate the greatest common factor of k and c.
4
Let s be 3 - (4 + -3) - -15. Calculate the highest common factor of s and 187.
17
Suppose -4*w + 3*y + 97 - 10 = 0, -w + 33 = 3*y. What is the highest common factor of w and 3?
3
Let d(h) = -h + 10. Let i be d(10). Suppose i = 3*q - 517 - 110. Let n be 3/(-6) + q/2. What is the highest common factor of 13 and n?
13
Let z(n) = -3*n - 2. Let r be z(-3). Let h be 307/r - 3/(-21). Calculate the highest common divisor of 11 and h.
11
Let n = -1 + 21. What is the highest common factor of 100 and n?
20
Let i = -4 + 6. Suppose i*g + 10 = 68. Suppose -35 = -4*c + g. What is the greatest common factor of 144 and c?
16
Let x = -125 - -129. Calculate the highest common factor of 3 and x.
1
Suppose -6*z + 367 = -497. What is the highest common divisor of z and 18?
18
Let i be (-4)/18 + 152/36. Suppose 2*f - 9 = 4*t + 23, -5*f + 80 = i*t. What is the greatest common factor of 40 and f?
8
Suppose 334 = 12*h + 46. What is the greatest common factor of h and 8?
8
Let s be 8*(-4)/8 - -8. Suppose 0 = -5*g + 199 - 59. Calculate the greatest common divisor of g and s.
4
Let m(p) = p**2 - 4*p - 9. Let u be m(-5). Suppose -33 = -4*n - 3*c, 4*n - 5*c - 73 = -0*n. Calculate the greatest common divisor of n and u.
12
Let c be 5 - 0*(-1)/2. Let z = 3 + 7. Calculate the highest common divisor of z and c.
5
Suppose -5*j + 6*j - 4 = 0. Suppose 10 = -j*h - m + 50, 5*h + 3*m = 43. Let k(r) = 3*r**2 - 1. Let q be k(2). Calculate the highest common divisor of q and h.
11
Let b = 10 - 15. Let c(n) = n**2 + n + 7. Let l be c(b). Suppose 3*o - o - 15 = 3*y, 0 = 2*o - 5*y - 13. Calculate the greatest common divisor of o and l.
9
Let g(p) = p**2 - p - 7. Let i be g(5). Let f(a) = -a**3 - 7*a**2 - 6*a + 10. Let x be f(-7). What is the greatest common divisor of i and x?
13
Let n(q) = 43*q + 3. Let j be n(3). Let x be -1 + j + -5 + 6. What is the 